
Let w(j) = j**3 + 10*j**2 + 11*j. Suppose 116 = -16*b + 45*b. Let c be 5/20*(b - 40). Calculate w(c).
-18
Let h(v) be the second derivative of -17*v**3/6 - 139*v**2/2 + 4*v + 32. Calculate h(-8).
-3
Suppose 9*l - 5*c = 14*l - 15, -2*c + 15 = 3*l. Let t(q) = -q + 3*q + 0*q + 19 - 4*q. Calculate t(l).
1
Let p(f) = -14*f + 1016*f**2 - 6 + 3*f - 1015*f**2. What is p(5)?
-36
Let l(v) = -v**2 + 15. Let x be l(-4). Let c be 285/24 - x - 1/(-8). Suppose 5*a = c*a - 8. Let j(f) = -6*f**2 + 2*f - 1. What is j(a)?
-5
Let z(m) be the first derivative of m**4/4 - 2*m**3 + 4*m - 29097. Suppose -2*n = 3*n - 20. Calculate z(n).
-28
Let c(o) = 16*o**2 - 32*o + 175. Let a be c(6). Let l = 565 - a. Let n(v) = v**3 - 7*v**2 + 3*v + 10. Give n(l).
-8
Let n(p) = -p**2 + 8*p - 6. Let q be n(5). Let x(w) = -w**3 - 4*w**2 - 7*w - 6. Let s be x(-2). Let y(z) = q + 10 - 8 + s*z + z. Determine y(-8).
3
Let y(g) = -4 - 4476*g + 39*g**3 + 4479*g - 38*g**3 - 4*g**2. Calculate y(3).
-4
Let t(u) be the third derivative of -u**6/60 + 4*u**5/15 + u**4/12 - 5*u**3 - 258*u**2. What is t(8)?
-14
Suppose 4*h = 3*f + 17, h - 3 = -0*h + 2*f. Suppose 10 = -h*u, 0 = 3*n + 2*u - 7*u + 11. Let c(l) = -2*l. What is c(n)?
14
Let b = 5090 - 5083. Let y(j) = 3*j**2 - j**3 - 2*j + 14 + 2*j + 4*j**2 - j. Calculate y(b).
7
Let w(t) = -t**2 + t - 2. Suppose -39 + 25 = -7*s. Let j be (-3)/s - (-119)/34. Determine w(j).
-4
Let a(d) = -36*d**3 - d**2 - d + 2. Suppose 221 + 60 = 224*o + 57*o. What is a(o)?
-36
Let k = 264 + -260. Suppose -s - 12 = -k*s + 5*y, 0 = -4*y + 12. Let c(i) = -i**3 + 8*i**2 + 9*i + 7. Determine c(s).
7
Suppose 7*t - 32*t - 17000 = 0. Let v = t + 691. Let c(o) = o**2 - 10*o - 9. Determine c(v).
2
Let m(v) = -v**2 - 5*v - 4. Suppose -160*r - 12 = -157*r. Give m(r).
0
Let v(q) = 3*q**2 - 35*q - 15. Let c be v(12). Let g be (-1)/((-3)/(-36))*1/c. Let p(s) = -2*s**2 + 3*s - 3. What is p(g)?
-23
Let o(k) = 115*k - 213*k**2 - 63*k - 5 + 187*k**2. Give o(2).
-5
Let u = -108 - -105. Let l be (4 - (70 + 1))*(-3)/u. Let r = -66 - l. Let h(a) = -13*a + 1. Determine h(r).
-12
Let u(z) = 8*z + 43. Let r(b) = -37*b - 190. Let y(x) = -2*r(x) - 9*u(x). What is y(11)?
15
Let r(k) = 2*k + k - 7*k**2 - 2 + 22*k**3 + 4*k - 36*k**3 + 13*k**3. Determine r(-6).
-80
Let q(b) be the second derivative of 135*b - 1/12*b**4 + 0 - 7/6*b**3 - 1/2*b**2. Give q(-6).
5
Let n(t) = 21*t - 319. Suppose -3328 = 2617*z - 2825*z. Determine n(z).
17
Let b = -65 + 40. Let y be b/6 + 1/6. Let q(v) = -5*v + 15. Let p(f) = -f + 1. Let k(r) = y*p(r) + q(r). What is k(7)?
4
Let y(u) = -7*u + 118. Let m be y(17). Let i(n) = -2*n - 1. Let o(v) = -2*v - 9. Let q(k) = m*o(k) + 2*i(k). Determine q(5).
-3
Let u = -30 + 32. Suppose -u*b + 8*b - 10*b = 0. Suppose b = 4*m + 2 - 10, 4*k = 5*m - 30. Let p(s) = -s + 1. What is p(k)?
6
Let x be (2/7)/((-17)/(-238)). Suppose y = 2*b + 25, y + 12 - 13 = -4*b. Let p(g) = 8*g**2 - y + 30 - x + g + 0*g + g**3. Give p(-8).
1
Let f be 2 - (-1 + -30)*1. Let g(c) = c**3 + 24*c**2 + 25*c + 75. Let y be g(-23). Suppose -y*m = -f*m. Let b(l) = -l**3 + l - 18. What is b(m)?
-18
Let h = -312 + 372. Suppose -h = 17*x + 59. Let o(a) = -a**2 - 7*a + 5. Calculate o(x).
5
Let w(a) be the second derivative of -a**5/20 + 17*a**4/12 + 13*a**3/6 + 42*a**2 - 3755*a. Calculate w(18).
-6
Let o(b) = -5*b**2 + b. Suppose -3*d - 7 = 8. Let g(n) = -n**3 - 3*n**2 + 11*n + 10. Let f be g(d). Suppose 6*z - f = 1. Give o(z).
-4
Let q(k) = 39*k + 5 - k**2 - 67*k + 0*k**2 + 36*k. Calculate q(10).
-15
Let h(a) = -77*a + 31. Let w(c) = 421*c - 159. Let s(z) = 33*h(z) + 6*w(z). Determine s(5).
-6
Let r = 3 + -4. Let x(p) be the first derivative of 7*p**4/4 + 2*p**3/3 + p**2 + p - 280680. What is x(r)?
-6
Let y(t) = 13*t + 3. Let l(u) = 9*u - 4. Let j(z) = -8*l(z) + 5*y(z). Calculate j(8).
-9
Let h(z) = z**3 + z + 8. Let n = 26 - 24. Let q be 12795/(-285) - n/19. Let c = q - -45. Determine h(c).
8
Let h = 18 + -11. Let m(g) = 355*g + 2. Let z(k) = -798*k - 4. Let x(a) = -9*m(a) - 4*z(a). Determine x(h).
-23
Let p(a) = -a**3 - 4*a**2 - 3*a + 8. Let g be (-1)/(-3)*(-2 + -22)/(-2). Give p(g).
-132
Let u(n) be the first derivative of n**3 - 3*n**2 + 9*n - 3577. Give u(6).
81
Let j be -17 - (9 + (-123)/15 - 32/(-10)). Let u(a) = 3*a + 68. Calculate u(j).
5
Let m(w) be the first derivative of -w**2/2 + 4*w + 5954. Let o be -5*((-8)/5)/2. Suppose -13 = -o*l + 5*u - 61, 0 = -5*l - 2*u - 27. Determine m(l).
11
Let d(t) be the third derivative of 7/60*t**5 - 3/8*t**4 - 33*t**2 + 0 + 1/2*t**3 - 1/120*t**6 - 2*t. What is d(6)?
-15
Let l(i) = -2 + 3 - 137*i - 121*i + 266*i - 4. Calculate l(2).
13
Let t = 1 + 4. Suppose -1 + 31 = t*s. Let w(n) be the third derivative of n**4/8 - 3*n**3/2 - 29*n**2. Calculate w(s).
9
Let t(b) be the second derivative of 13/2*b**2 + 210*b + 0 - 1/6*b**3. Calculate t(0).
13
Let s(t) = -15*t**2 - t - 1. Let l = -392 + 567. Let w be (-100)/l + 6/(-14). Let v be ((-15)/(-5) - w) + -5. Determine s(v).
-15
Let v(d) = 2*d**3 - 2*d**2 - 3*d + 2. Let w be (0 - 2)/(3/5385*10). Let f = w - -361. Determine v(f).
4
Let o(j) = -4*j + 10. Suppose 71 = -51*l - 133. Give o(l).
26
Let q(j) = 9*j**2 + 5*j - 3. Let f be q(2). Suppose 5*r = -h - 55, -28 = h + r + f. Let d = h - -67. Let p(z) = -z - 4. What is p(d)?
4
Let k(u) = -18*u**3 + 52 - 2*u**2 - 151 + 50 + 55 + 25*u**3. Give k(2).
54
Let q(h) be the first derivative of 11 - 13 - 3*h**2 - 28 - 6*h**2. Suppose -o = -3*o + 2. Determine q(o).
-18
Suppose -223 = 45*i - 1123. Let f be ((-10)/i)/((-4)/48). Let l(d) = -d**3 + 6*d**2 - 3*d. What is l(f)?
-18
Let p be (-2)/(1 + -2 - -3). Let k(m) = -5. Let r(x) = 10 - 16 - x + 5. Let o(t) = k(t) - 6*r(t). Calculate o(p).
-5
Let r(d) = 28*d - 38. Let u(y) = 10. Let g(h) = r(h) + 3*u(h). Give g(2).
48
Let h be (2/6)/((-2)/(-42)). Let q(n) = 227*n + 2*n**2 - 2*n**2 - h - 228*n + n**2. Suppose -3*o - o = 0. Give q(o).
-7
Let y(a) be the second derivative of a**3/2 + 6*a**2 + 1054*a + 1. Calculate y(-1).
9
Let o(a) = 2 + 3 + a**3 - 1 - a + 5. Suppose -5*d + 31*h = 33*h - 8, 0 = -3*d + 3*h - 12. Determine o(d).
9
Let u(k) = 140*k - 6. Let o(z) = -220*z + 10. Let l(j) = -5*o(j) - 8*u(j). Give l(-1).
18
Let o(a) = 3*a**3 + 27*a**2 + 21*a - 5. Let b(v) = -v**3 - 9*v**2 - 7*v + 2. Let s(i) = 17*b(i) + 6*o(i). Let d be 6/(-9) - (2 - (-48)/9). Give s(d).
12
Let t(q) be the first derivative of q**4/4 - 3*q**3 + 10*q**2 - 9*q + 2469. Give t(6).
3
Let p(t) be the second derivative of -1/3*t**3 + t + 2*t**2 - 1/6*t**4 + 0. Suppose 539*c + 152 = 501*c. Determine p(c).
-20
Let g(w) = w**2 - 57 + 203 - 62 - 67 + 2*w. Give g(-7).
52
Let n = -33141 + 33151. Let q(j) = j**2 - 13*j + 15. Determine q(n).
-15
Let m(x) be the first derivative of -x**6/120 + x**5/20 + x**3/2 - 21*x**2 + 147. Let u(k) be the second derivative of m(k). Determine u(3).
3
Let u(x) = 3*x + 1. Let i = -4 - 8. Let g be (-9)/6*i/(-9). Let p(w) = 1. Let q(o) = g*p(o) + u(o). Give q(2).
5
Suppose -3*d = 2*q + 13 - 1, 5*d = 4*q - 20. Let m(x) = -3*x + 36. What is m(q)?
36
Let x(b) = -b**2 - 2*b + 5. Suppose 9*j = 2*q + 13*j + 8, q = 3*j + 16. What is x(q)?
-19
Let w(z) = -344*z - 18 + 33 + 342*z - 25. Give w(-4).
-2
Suppose j + 3*b = b + 10, 4*j + 2*b = 34. Let p = -6 + j. Let h(m) = 1 + 1 + 0 - 2*m**2 + m + m**2. What is h(p)?
0
Let l(c) = 13 + 11*c - 3179*c**2 + 1591*c**2 + 1590*c**2 + 0*c. What is l(-8)?
53
Suppose -2*t - 4*h + h = -10, -2*h = -4. Let p(j) = 3*j**2 + 1. Let a(x) = 5*x**2 - 14*x + 4. Let w(r) = t*p(r) - a(r). Give w(-14).
-2
Let v(n) = -18*n - 169. Let x be 1/(665/171 - 4). What is v(x)?
-7
Let i(l) = 2*l**3 - 25*l**2 - 9*l + 249. Let n be i(12). Let k(s) = -2*s + 1. Let h(u) = -2*u + 1. Let r(c) = -6*h(c) + 4*k(c). What is r(n)?
-14
Suppose 719 = 2*j + 711. Let b be 10/j*(0 + 2). Let p(c) = c**2 - 6*c - 6. Give p(b).
-11
Let p(h) = -h**3 + 3*h**2 + 2*h + 6. Suppose 0 = 8*b + 281 + 3007. Let x = 416 + b. Determine p(x).
-34
Let t(o) = -o**2 - 2*o + 3. Let i(q) = 3*q + 4. Let n be i(-3). Let h(f) = 2*f**2 - 5*f - 7. Let p be h(5). Let m be n*(-4 - p/(-5)). What is t(m)?
-5
Let a(h) = -h**2 + 11*h - 16. Suppose -3*f = -2*f - 2*f. Suppose -56*m + 61*m - 40 = f. Give a(m).
8
Suppose 12*s + 216 + 108 = 0. Let j(p) = -p**2 - 28*p + 16. Determine j(s).
43
Let l(n)